the tens digit of g(-5)?
2
Let m(f) = 6*f - 13. Let v be m(12). Let o = v - 40. What is the units digit of o?
9
Let v(w) = 2*w - 4. Suppose 0*p = -p + 4. Let q be v(p). Suppose 0*f - 4*f + 48 = q*n, -28 = -2*n + 2*f. What is the units digit of n?
3
Let h = 3 + -1. Let r be 26/(-4)*h - 2. What is the units digit of (-54)/(-10) + 6/r?
5
Suppose 3*i + 5*k + 167 = 0, 5*k - 281 = -3*i + 7*i. Let c = i + 95. Suppose c - 3 = 4*l. What is the units digit of l?
7
Suppose 0 = 2*k - 1 - 5. Let m be 4/k - (-2)/(-6). Suppose 2*w - 11 = m. What is the units digit of w?
6
What is the tens digit of 13 + 0*3/9?
1
Let b = -36 - -82. What is the units digit of b?
6
Suppose -66 = 3*l - 4*l - p, -3*l + 3*p + 204 = 0. What is the units digit of l?
7
Let u = -3 + 69. What is the tens digit of u?
6
Suppose 5*g = 10*g - 330. What is the units digit of g?
6
Let a(k) = -k. Let l be a(2). Let x = l - -4. Suppose -5*f + 34 = 3*j, -j + x*f = -3 - 1. What is the units digit of j?
8
Let i = -17 - -21. Suppose -i*y + 16 + 148 = 0. What is the tens digit of y?
4
Suppose -3*b + 179 = 5*p, -2*b + 3*p = -0*b - 151. Let q = -34 + b. What is the units digit of q?
4
Let y be (-58)/(-6)*-2*6. Let l be y/(-6)*(-12)/(-8). Suppose 0 = m + 5*t - l, -2*m - 5 = 3*m - 5*t. What is the units digit of m?
4
Suppose 5*c = -0*f + 4*f + 5, -4*f + 4*c = 0. Suppose 3*h = -12, -4*l = -0*l - 5*h - 20. Suppose l = -3*p + f*p - 8. What is the units digit of p?
4
Let f(y) = 4*y + 2 - 5*y**2 + 2*y**2 + 4*y**2. Let r be f(-4). Suppose -28 = -r*s - 2*s. What is the units digit of s?
7
Suppose -4*j + 132 = -5*z, 99 = 3*j + 4*z - 5*z. What is the tens digit of j?
3
Let q be 0 - (-3 - (-3 + 3)). Suppose -6*y = -q*y. Suppose y = -2*o + 3*o - 2. What is the units digit of o?
2
Let r(i) = i**3 - 6*i**2 + 4*i + 7. Let o be r(5). Let f = -1 + o. Suppose -2*u = -5 - f. What is the units digit of u?
3
Let t(c) = -3*c**2 + 10*c - 9. Let x(n) = -7*n**2 + 21*n - 19. Let i(h) = 5*t(h) - 2*x(h). Let o be i(7). Let p = 2 + o. What is the units digit of p?
2
Let i(p) = 2*p + 5. Let w(x) = -x**3 + x**2 + 2*x - 2. Let j be w(2). Let l be (-1)/(j + 7/4). What is the tens digit of i(l)?
1
What is the tens digit of (-118)/(-3) + 12/18?
4
Let r(y) = -2*y**2 + y. Let j be r(2). Let z(d) = -1 - 6*d - 2*d**2 + d**2 - d. What is the units digit of z(j)?
5
Let x(g) = -g**3 + 9*g**2 - 6*g - 8. Let r be x(8). Suppose 4*f + 9 = 2*o - 9, -r = 2*f. What is the units digit of o?
1
Suppose 4*i - 77 = -3*x, 3*i - 39 = -0*i + 4*x. What is the units digit of i?
7
Let m = -4 - -1. Let f be 15*(5/m - -1). What is the units digit of f/(-35) - 12/(-7)?
2
Suppose -o + 1 + 1 = 0. Suppose -4*w + 36 = 4*i, -o*w - 10 = 2*i - 7*i. Suppose -2*k = -i*u - 22, 2*k + 9 - 38 = -3*u. What is the tens digit of k?
1
What is the tens digit of (293 - -4) + (5 - 7)?
9
Let x = -57 + 155. What is the units digit of x?
8
Let b = 2 - -4. Let a = b + 12. Let h = 25 - a. What is the units digit of h?
7
Suppose 6 - 1 = v. Let k(p) = p**3 - 3*p**2 - 3*p + 6. What is the units digit of k(v)?
1
Let z be (-2 + 1)/(4/(-12)). What is the units digit of 5 + z/(-1 - -4)?
6
Suppose 0 = 5*s + 15, b + 5*s - 54 = 77. What is the units digit of b?
6
Let r(j) = -2*j - 1. Let h be (-4)/(-6) + (-33)/9. Let u be r(h). Suppose 50 + 9 = 3*m + u*w, 5*m + 5*w - 85 = 0. What is the tens digit of m?
1
Let t = -9 - -9. Suppose t = -5*q - 15, -3*q + 4*q - 122 = -5*r. What is the units digit of r?
5
Let u = 66 + -45. What is the units digit of u?
1
Let p = -24 - -86. What is the tens digit of p?
6
Let m = -262 + 577. What is the units digit of m?
5
Let p = 2 - -12. Let t = p + -8. What is the units digit of t/(-4)*(-56)/21?
4
Let l = -6 - -12. What is the units digit of l?
6
Let d(l) = l**2 - 3*l - 7. Let f be d(5). Suppose 0 = f*j + j - 84. What is the tens digit of j?
2
Let k = -1 - 1. Let z be k + 33/(-3) - 1. Let n = -9 - z. What is the units digit of n?
5
Suppose 3*k = 438 - 123. What is the hundreds digit of k?
1
Suppose 2*o = 26 + 2. What is the tens digit of o?
1
Let c(w) = 0*w + w**3 + 2 - 7 - 3*w - 3*w**2. Let l be c(4). Let s = 9 + l. What is the units digit of s?
8
Let o(d) = d**3 + 4. Let g be o(0). Suppose -f + 31 - 5 = 3*l, -4*f + 88 = g*l. What is the tens digit of f?
2
Suppose 0 = 2*a - 122 - 62. Suppose -4*n - 2*d + a = 0, 177 - 49 = 5*n - 4*d. What is the units digit of n?
4
Suppose 146 = 4*a - 2*h, 4*a - h + 2*h - 149 = 0. What is the tens digit of a?
3
Suppose 4*q = -4*l + 120, 0 = -q + 3. Let b be (-220)/14 + (-6)/21. Let v = b + l. What is the tens digit of v?
1
Suppose 4*w - 3*w = -12. Let q = w + 20. What is the units digit of q?
8
Let z(w) = -w**3 + 5*w**2 - 3*w - 1. Let q be z(4). Let o(t) = -7*t - 3. Let f(v) = 7*v + 2. Let y(l) = 5*f(l) + 4*o(l). What is the tens digit of y(q)?
1
Let m = -100 + 145. Let y be (-10)/m - (-20)/9. What is the units digit of 3/(y*9/24)?
4
Suppose -f + 5*j = -277, -5*f - 3*j = -6*j - 1385. What is the units digit of f?
7
Suppose -12*a + 148 = -10*a. What is the tens digit of a?
7
Suppose 0 = 4*o + 2*n - 125 - 79, n - 4 = 0. What is the units digit of o?
9
Let b(l) = -l + 1. Suppose 1 - 3 = 2*w. Let o = -3 - w. What is the units digit of b(o)?
3
Suppose j = -4*j - 15. Let d be 0/j - 2/(-2). What is the units digit of d + 2 + (6 - 1)?
8
Suppose -2*q - 4*b = -12 - 4, -q - b = -10. Suppose -63 = -3*j - q. What is the units digit of j?
7
Suppose 28 = -4*t - w, 4*t + 3*w - 7 + 43 = 0. Let o(c) = -c + 4. What is the tens digit of o(t)?
1
Suppose -3*n + 522 + 215 = 2*r, 1118 = 3*r + 2*n. What is the tens digit of (-1)/(-2*4/r)?
4
Suppose 7*t = 6*t + 2. Suppose -5*p + 83 = 2*j, p - 4*j = -t*j + 19. What is the units digit of p?
7
Let s(j) = 2*j**2 + j - 1. What is the units digit of s(4)?
5
Let t = 21 + -16. What is the units digit of t?
5
What is the tens digit of ((-52)/(-6))/(80/(-15) + 6)?
1
Suppose -372 + 96 = -2*w. What is the hundreds digit of w?
1
Let u(h) = 5*h + 5. What is the tens digit of u(9)?
5
Let l(u) = u**3 + 9*u**2 - 10*u + 2. Let v(q) = -q**3 - 8*q**2 - 5*q + 4. Let f be v(-7). What is the units digit of l(f)?
2
Let u(k) be the third derivative of -k**6/120 - k**5/30 - k**4/8 + 2*k**2. Let z be u(-2). Let p = 9 - z. What is the units digit of p?
3
Suppose 3*v - 119 - 46 = 0. Suppose 3*p - v = 17. What is the units digit of p?
4
Suppose 5*t = 25, -2*t + 40 = 5*f + 3*t. What is the units digit of f/6*4 - -4?
6
Suppose 306 = 6*w - 342. What is the units digit of w?
8
Let d = 232 - 115. What is the tens digit of d?
1
Let c be 107/(-7) + (-4)/(-14). Let t be ((-2)/2 - -3)/1. What is the units digit of ((-20)/c)/(t/3)?
2
What is the units digit of ((-108)/16)/((-6)/64*2)?
6
Let w be (1 + -14*1)*-1. Suppose 4*n - 37 = -w. What is the units digit of n?
6
What is the hundreds digit of (1 - 4)*(-4)/12 + 131?
1
Let p(d) be the third derivative of -d**4/24 + 11*d**3/6 - 3*d**2. Let g be p(11). Suppose g*m = m - 19. What is the units digit of m?
9
Suppose 5*j - 208 = -3*j. What is the units digit of j?
6
Let b be 63*1 - (0 - 1). What is the units digit of (1*-1)/((-8)/b)?
8
Suppose -15*u = 1597 - 5107. What is the hundreds digit of u?
2
Let p(d) be the first derivative of -d**4/4 + 5*d**3/3 - d**2 - d - 2. What is the units digit of p(3)?
1
Let s(n) = n**2 - 3*n + 1. What is the units digit of s(8)?
1
Let k = 45 + 35. What is the tens digit of k?
8
Let r(h) = h - 15. Let x be r(8). Let w(k) = -3*k + 3. Let z be w(3). Let s = z - x. What is the units digit of s?
1
Suppose 5*c = 3*y - 36, -15 = 3*c - 5*y + 13. Let n(p) = p**3 + 6*p**2 - p - 4. What is the units digit of n(c)?
2
Let y(m) = -2*m. Suppose -2*b + s + 9 = -0*s, 0 = -2*b + 4*s + 24. Let f be (-1 - -1) + 0 - b. What is the units digit of y(f)?
4
Suppose 4*q + 121 = 5*a, 0*q = 5*q + 3*a + 142. Let w be (-280)/21*(2 + -5). Let l = w + q. What is the tens digit of l?
1
Suppose 0 = -f + 3, 0 = n - f - 2*f + 7. Suppose n*t - t = 25. What is the units digit of t?
5
What is the units digit of (-454)/(-18) + (-4)/18?
5
Let f(o) be the second derivative of 2*o**3/3 + o**2/2 - o. Let g = 10 - 8. What is the units digit of f(g)?
9
Suppose 3 = b + 1. Suppose -2*r - 5*v + 3 = -b*v, -22 = 2*r - 2*v. What is the units digit of 1/(-3) + (-26)/r?
4
Suppose -4*d = 4*c - 66 - 18, -4*c + 5*d + 120 = 0